
What is the units digit of 828?
8
What is the tens digit of 9602?
0
What is the hundreds digit of 845?
8
What is the thousands digit of 2153?
2
What is the tens digit of 1477?
7
What is the units digit of 4473?
3
What is the ten thousands digit of 35230?
3
What is the units digit of 33878?
8
What is the tens digit of 27193?
9
What is the units digit of 871?
1
What is the units digit of 38199?
9
What is the tens digit of 370?
7
What is the units digit of 4913?
3
What is the thousands digit of 4115?
4
What is the ten thousands digit of 18455?
1
What is the units digit of 4521?
1
What is the units digit of 432?
2
What is the hundreds digit of 124225?
2
What is the ten thousands digit of 28933?
2
What is the thousands digit of 1048?
1
What is the hundreds digit of 13635?
6
What is the thousands digit of 12657?
2
What is the tens digit of 35900?
0
What is the thousands digit of 29356?
9
What is the thousands digit of 21892?
1
What is the thousands digit of 7898?
7
What is the tens digit of 2682?
8
What is the units digit of 117?
7
What is the hundreds digit of 509?
5
What is the tens digit of 588?
8
What is the tens digit of 11137?
3
What is the tens digit of 1286?
8
What is the tens digit of 1151?
5
What is the units digit of 17056?
6
What is the units digit of 8081?
1
What is the units digit of 2413?
3
What is the hundreds digit of 12619?
6
What is the hundreds digit of 339?
3
What is the ten thousands digit of 15828?
1
What is the hundreds digit of 3830?
8
What is the ten thousands digit of 51009?
5
What is the units digit of 20405?
5
What is the units digit of 4254?
4
What is the hundreds digit of 1834?
8
What is the hundreds digit of 15238?
2
What is the units digit of 723?
3
What is the hundreds digit of 3151?
1
What is the units digit of 2608?
8
What is the tens digit of 21176?
7
What is the units digit of 9664?
4
What is the units digit of 15738?
8
What is the hundreds digit of 26162?
1
What is the tens digit of 82739?
3
What is the units digit of 1702?
2
What is the tens digit of 94865?
6
What is the hundreds digit of 98826?
8
What is the tens digit of 180?
8
What is the thousands digit of 18650?
8
What is the tens digit of 669?
6
What is the tens digit of 18791?
9
What is the hundreds digit of 723?
7
What is the units digit of 2300?
0
What is the hundreds digit of 1564?
5
What is the hundreds digit of 6254?
2
What is the tens digit of 2739?
3
What is the tens digit of 75130?
3
What is the tens digit of 246?
4
What is the hundreds digit of 9399?
3
What is the tens digit of 43116?
1
What is the units digit of 38154?
4
What is the hundreds digit of 751?
7
What is the thousands digit of 4929?
4
What is the thousands digit of 1795?
1
What is the tens digit of 8814?
1
What is the ten thousands digit of 18146?
1
What is the hundreds digit of 3450?
4
What is the thousands digit of 2429?
2
What is the thousands digit of 1134?
1
What is the hundreds digit of 11611?
6
What is the hundreds digit of 226?
2
What is the thousands digit of 6688?
6
What is the tens digit of 132209?
0
What is the units digit of 38573?
3
What is the tens digit of 786?
8
What is the tens digit of 71446?
4
What is the ten thousands digit of 23576?
2
What is the tens digit of 5375?
7
What is the units digit of 11228?
8
What is the tens digit of 663?
6
What is the tens digit of 34534?
3
What is the thousands digit of 112524?
2
What is the tens digit of 28636?
3
What is the units digit of 57638?
8
What is the hundreds digit of 2155?
1
What is the thousands digit of 20647?
0
What is the tens digit of 13034?
3
What is the tens digit of 1501?
0
What is the tens digit of 970?
7
What is the hundreds digit of 3350?
3
What is the hundreds digit of 1176?
1
What is the units digit of 26?
6
What is the tens digit of 2145?
4
What is the thousands digit of 9543?
9
What is the hundred thousands digit of 200579?
2
What is the tens digit of 6099?
9
What is the ten thousands digit of 104123?
0
What is the ten thousands digit of 17522?
1
What is the thousands digit of 3041?
3
What is the hundreds digit of 28905?
9
What is the units digit of 808?
8
What is the units digit of 1007?
7
What is the ten thousands digit of 33413?
3
What is the thousands digit of 7830?
7
What is the units digit of 948?
8
What is the tens digit of 55776?
7
What is the hundreds digit of 8836?
8
What is the units digit of 253?
3
What is the units digit of 1165?
5
What is the ten thousands digit of 36252?
3
What is the tens digit of 4703?
0
What is the tens digit of 2869?
6
What is the thousands digit of 7985?
7
What is the tens digit of 50147?
4
What is the units digit of 27119?
9
What is the units digit of 305?
5
What is the ten thousands digit of 12479?
1
What is the thousands digit of 2265?
2
What is the hundreds digit of 43009?
0
What is the thousands digit of 4856?
4
What is the thousands digit of 14806?
4
What is the tens digit of 481?
8
What is the hundreds digit of 109162?
1
What is the tens digit of 422?
2
What is the hundreds digit of 708?
7
What is the units digit of 2119?
9
What is the tens digit of 77927?
2
What is the thousands digit of 1463?
1
What is the tens digit of 2325?
2
What is the hundreds digit of 193?
1
What is the hundreds digit of 211?
2
What is the thousands digit of 3190?
3
What is the thousands digit of 71261?
1
What is the tens digit of 12663?
6
What is the units digit of 1070?
0
What is the thousands digit of 2751?
2
What is the hundreds digit of 205?
2
What is the tens digit of 292?
9
What is the tens digit of 6385?
8
What is the tens digit of 8237?
3
What is the units digit of 711?
1
What is the units digit of 16325?
5
What is the ten thousands digit of 58046?
5
What is the hundreds digit of 1636?
6
What is the thousands digit of 11562?
1
What is the units digit of 1450?
0
What is the tens digit of 186899?
9
What is the tens digit of 44702?
0
What is the tens digit of 552?
5
What is the tens digit of 31095?
9
What is the ten thousands digit of 12611?
1
What is the thousands digit of 2512?
2
What is the units digit of 748?
8
What is the units digit of 24166?
6
What is the hundreds digit of 54791?
7
What is the tens digit of 811?
1
What is the thousands digit of 1868?
1
What is the units digit of 12728?
8
What is the tens digit of 468?
6
What is the hundreds digit of 391?
3
What is the thousands digit of 2453?
2
What is the thousands digit of 21024?
1
What is the tens digit of 1313?
1
What is the tens digit of 5866?
6
What is the thousands digit of 12437?
2
What is the tens digit of 461?
6
What is the tens digit of 10019?
1
What is the thousands digit of 70427?
0
What is the tens digit of 7099?
9
What is the hundreds digit of 1571?
5
What is the thousands digit of 10097?
0
What is the hundreds digit of 16788?
7
What is the hundred thousands digit of 117099?
1
What is the ten thousands digit of 114724?
1
What is the thousands digit of 3740?
3
What is the ten thousands digit of 51347?
5
What is the tens digit of 650?
5
What is the tens digit of 51565?
6
What is the thousands digit of 1124?
1
What is the hundreds digit of 63749?
7
What is the ten thousands digit of 10724?
1
What is the units digit of 507?
7
What is the tens digit of 7123?
2
What is the hundreds digit of 1856?
8
What is the tens digit of 6059?
5
What is the units digit of 789?
9
What is the tens digit of 15079?
7
What is the thousands digit of 9960?
9
What is the units digit of 92355?
5
What is the hundreds digit of 66188?
1
What is the tens digit of 65?
6
What is the thousands digit of 4891?
4
What is the units digit of 1468?
8
What is the hundreds digit of 464?
4
What is the hundreds digit of 2103?
1
What is the hundreds digit of 7611?
6
What is the hundreds digit of 7406?
4
What is the hundreds digit of 401?
4
What is the tens digit of 56149?
4
What is the ten thousands digit of 19612?
1
What is the thousands digit of 2831?
2
What is the hundreds digit of 865?
8
What is the hundreds digit of 3556?
5
What is the hundreds digit of 52565?
5
What is the hundreds digit of 991?
9
What is the units digit of 9796?
6
What is the hundreds digit of 1654?
6
What is the units digit of 4051?
1
What is the units digit of 15798?
8
What is the units digit of 34101?
1
What is the ten thousands digit of 21569?
2
What is the units digit of